{"id":8,"date":"2021-08-28T14:31:09","date_gmt":"2021-08-28T12:31:09","guid":{"rendered":"http:\/\/www.zeldasophrologue.com\/?page_id=8"},"modified":"2024-07-26T16:07:10","modified_gmt":"2024-07-26T14:07:10","slug":"accueil","status":"publish","type":"page","link":"https:\/\/www.zeldasophrologue.com\/","title":{"rendered":"Qui suis-je ?"},"content":{"rendered":"\n<p>Quelques mots \u00e0 \u00e9couter&#8230;<\/p>\n\n\n\n<figure class=\"wp-block-audio\"><audio controls src=\"http:\/\/www.zeldasophrologue.com\/wp-content\/uploads\/2021\/08\/vocal_zelda3.mp3\"><\/audio><\/figure>\n\n\n\n<p><\/p>\n\n\n\n<p>Quelques mots \u00e0 lire&#8230;<\/p>\n\n\n\n<p><\/p>\n\n\n\n<p>En premier, Une femme n\u00e9e en 1983 et maman de deux enfants.<\/p>\n\n\n\n<p>Infirmi\u00e8re depuis 2006, j\u2019ai pu pratiquer dans diff\u00e9rents services et r\u00e9gions, toujours au contact de l\u2019autre, dans la relation d\u2019aide. &nbsp;J\u2019exerce aujourd\u2019hui \u00e0 l\u2019Etablissement Fran\u00e7ais du Sang \u00e0 50%. Le reste du temps, je pratique la sophrologie&nbsp;pour moi et avec mes clients. La sophrologie est plus qu\u2019une m\u00e9thode, c\u2019est une mani\u00e8re de vivre. Je m\u2019entra\u00eene chaque jour, la ressens chaque jour, et c\u2019est ainsi que je peux vous proposer tout ce que je sais et ce que je vis personnellement.<\/p>\n\n\n\n<p>En devenant maman, j&rsquo;ai ressenti le besoin de disposer de m\u00e9thodes et d&rsquo;outils pour \u00e9duquer mes enfants et les soutenir au mieux dans leurs apprentissages, leurs \u00e9motions et leurs pr\u00e9occupations, car m\u00eame jeunes, ils ont leurs propres soucis\u00a0! Malgr\u00e9 mes lectures et mes \u00e9coutes d&rsquo;\u00e9missions, je ne trouvais pas de solutions concr\u00e8tes ni simples. C&rsquo;est pourquoi j&rsquo;ai d\u00e9cid\u00e9 de me former \u00e0 la sophrologie.<\/p>\n\n\n\n<p>Sophrologue depuis 2021, J&rsquo;ai suivi ma formation \u00e0 l&rsquo;<a href=\"http:\/\/www.sophrologie-formation.fr\" target=\"_blank\" rel=\"noreferrer noopener\">Institut de Formation \u00e0 la Sophrologie de Paris<\/a> (Ecole de Catherine Aliotta), m\u00eame \u00e9cole que Sophie le Millour, sophrologue et autrice des m\u00e9ditations pour les box \u00ab&nbsp;mon petit Morph\u00e9e&nbsp;\u00bb et \u00ab&nbsp;morph\u00e9e Zen&nbsp;\u00bb et Aur\u00e9lie Chien Chow, cr\u00e9atrice du petit personnage&nbsp;: Gaston la licorne&nbsp;; toutes deux des r\u00e9f\u00e9rences pour les enfants et les parents dans le milieu des \u00e9motions.<\/p>\n\n\n\n<p>Je continue de me former chaque ann\u00e9e afin d\u2019am\u00e9liorer ma pratique et mon exp\u00e9rience.<\/p>\n\n\n\n<p>La sophrologie c\u2019est <strong>prendre conscience<\/strong> de qui on est, de nos <strong>capacit\u00e9s<\/strong>, de nos <strong>besoins<\/strong> et de ce qui nous fait du bien. C\u2019est aussi accepter sans oublier et avancer sans regret.<\/p>\n\n\n\n<p>Je propose la sophrologie pour tout public, des plus petits (\u00e0 partir de 6 ans et parfois plus jeunes) aux plus grands, de mani\u00e8re adapt\u00e9e et dans diff\u00e9rents lieux : en cabinet, en distanciel, dans l\u2019eau et chez \u00ab&nbsp;les termes de Ga\u00efa&nbsp;\u00bb. Bien que la m\u00e9thode reste la m\u00eame, chaque lieu propose une approche unique.<\/p>\n\n\n\n<p>Je vous laisse d\u00e9couvrir en d\u00e9tail chacune de mes pratiques dans les descriptions suivantes.<\/p>\n\n\n\n<p>Ce qui les unit et ce qui d\u00e9finit ma singularit\u00e9 dans mon approche, c&rsquo;est <strong>le toucher<\/strong> que j&rsquo;apporte \u00e0 chaque s\u00e9ance. Que ce soit en cabinet, dans l&rsquo;eau ou chez Ga\u00efa, c&rsquo;est \u00e0 travers le toucher que vous red\u00e9couvrirez votre corps et, par cons\u00e9quent, votre identit\u00e9, votre \u00e9quilibre et votre s\u00e9r\u00e9nit\u00e9.<\/p>\n\n\n\n<p>Le sens du toucher est le premier \u00e0 se d\u00e9velopper in utero. Il constitue le moyen principal par lequel nous nous connectons aux autres, mais surtout \u00e0 nous-m\u00eames. C&rsquo;est par cette approche que je pratique au quotidien. En esp\u00e9rant pouvoir vous aider peut-\u00eatre un jour, je vous laisse d\u00e9couvrir en d\u00e9tail chacune de mes pratiques dans les descriptions suivantes.<\/p>\n\n\n\n<h1 class=\"wp-block-heading has-large-font-size\">A bient\u00f4t<\/h1>\n","protected":false},"excerpt":{"rendered":"<p>Quelques mots \u00e0 \u00e9couter&#8230; Quelques mots \u00e0 lire&#8230; En premier, Une femme n\u00e9e en 1983 et maman de deux enfants. Infirmi\u00e8re depuis 2006, j\u2019ai pu pratiquer dans diff\u00e9rents services et r\u00e9gions, toujours au contact de l\u2019autre, dans la relation d\u2019aide. &nbsp;J\u2019exerce aujourd\u2019hui \u00e0 l\u2019Etablissement Fran\u00e7ais du Sang \u00e0 50%. Le reste du temps, je pratique &hellip; <\/p>\n<p class=\"link-more\"><a href=\"https:\/\/www.zeldasophrologue.com\/\" class=\"more-link\">Continuer la lecture<span class=\"screen-reader-text\"> de &laquo;&nbsp;Qui suis-je ?&nbsp;&raquo;<\/span><\/a><\/p>\n","protected":false},"author":1,"featured_media":0,"parent":0,"menu_order":0,"comment_status":"closed","ping_status":"closed","template":"","meta":{"footnotes":""},"class_list":["post-8","page","type-page","status-publish","hentry"],"_links":{"self":[{"href":"https:\/\/www.zeldasophrologue.com\/index.php\/wp-json\/wp\/v2\/pages\/8","targetHints":{"allow":["GET"]}}],"collection":[{"href":"https:\/\/www.zeldasophrologue.com\/index.php\/wp-json\/wp\/v2\/pages"}],"about":[{"href":"https:\/\/www.zeldasophrologue.com\/index.php\/wp-json\/wp\/v2\/types\/page"}],"author":[{"embeddable":true,"href":"https:\/\/www.zeldasophrologue.com\/index.php\/wp-json\/wp\/v2\/users\/1"}],"replies":[{"embeddable":true,"href":"https:\/\/www.zeldasophrologue.com\/index.php\/wp-json\/wp\/v2\/comments?post=8"}],"version-history":[{"count":33,"href":"https:\/\/www.zeldasophrologue.com\/index.php\/wp-json\/wp\/v2\/pages\/8\/revisions"}],"predecessor-version":[{"id":566,"href":"https:\/\/www.zeldasophrologue.com\/index.php\/wp-json\/wp\/v2\/pages\/8\/revisions\/566"}],"wp:attachment":[{"href":"https:\/\/www.zeldasophrologue.com\/index.php\/wp-json\/wp\/v2\/media?parent=8"}],"curies":[{"name":"wp","href":"https:\/\/api.w.org\/{rel}","templated":true}]}}